 Suppose -4*j + 2*t - t + 150 = 0, 0 = -u*j + 3*t + 191. Is j a prime number?
True
Let r be 3*-1 - (-3 - -157). Let d = r + 416. Is d a prime number?
False
Let h(i) = 4*i**2 - i + 1. Let x be h(2). Let n be 2/x*-3*5. Is n - (-1 - (-8)/(-1)) prime?
True
Suppose 0 = -0*r + r + 29. Let k = -197 + r. Let s = 395 + k. Is s a prime number?
False
